Let g be (-2)/(-1) - (6 - 2). Let i be (20/(-30))/((-64)/30 - g). Let m(c) = -i*c**3 - 2 - 2*c**3 + 4*c**3 - 4*c**2 + 4*c**3 - 6*c. Give m(5).
-7
Suppose -m + 1 = -2. Let y be (-8 - (-9 + -3))/2. Let l(w) = -2*w**2 - 7*w + 2*w**2 - w**y + 9*w - 3 + 0. What is l(m)?
-6
Let u(i) be the second derivative of -i**5/30 - i**4/3 - i**3/3 - 11*i**2/2 - 39*i. Let q(g) be the first derivative of u(g). Give q(-6).
-26
Let j(x) = -14*x**3 - 209*x**2 + 13*x - 34. Let g be j(-15). Let m(o) = -18*o - 6. What is m(g)?
66
Suppose 4*n = 20, 4*n - 30 = -z - 0*n. Let v = -8 + z. Suppose -3*i + v = -i - 2*o, 2*i - 7 = -3*o. Let k(h) = 3*h - 5. Calculate k(i).
1
Let v = -81 + 57. Let r = 28 + v. Let k be r/(-8)*8 + 8. Let a(f) = f - 3. Calculate a(k).
1
Let h(i) be the first derivative of -i**3/3 + i**2/2 + 5*i + 5. Let x(p) = 5*p**2 + p - 12. Let o be x(-4). Let u = o + -60. Determine h(u).
-7
Let p(l) = 1437 + 7*l - 5*l - 1427. Let a be (-4)/(-10) - (-8)/5. Suppose -s - 2*s = f - 8, -f = a*s - 3. Calculate p(f).
-4
Let q(i) = -1. Let h(s) = s - 6. Let y(d) = -h(d) + 4*q(d). Let u be 70/(-7)*((0 - 1) + 0). Suppose 0 = 2*c - u, 5*a + c - 3*c - 25 = 0. Calculate y(a).
-5
Let s(f) = f + 8. Let z(r) = 7. Let d(q) = 2*s(q) - 3*z(q). Let o = 22629 + -22637. What is d(o)?
-21
Let o(z) = 3*z. Suppose 10*n - 79*n + 138 = 0. Let d(a) = -7*a - 1. Let r(q) = n*o(q) + d(q). Calculate r(-3).
2
Let c(q) = 1 + 7*q**2 + 5*q**3 + 23*q**3 - 27*q**3 + q**3 + 0*q**3. What is c(-4)?
-15
Let n(l) = l**2 + 2*l - 27. Suppose -251 = -66*p + 145. Give n(p).
21
Let y(v) = v**2 + 2*v - 1. Let t(r) = -92 - 83 + 5*r**2 + 172 + 4*r. Let k(i) = t(i) - 2*y(i). Calculate k(-2).
11
Let s(l) be the first derivative of -l**3/3 - l**2 + 5. Let w(y) = 15*y + 133. Let i be w(-9). Calculate s(i).
0
Suppose -3*p - 25 = 2*i, -3*i - 2*p = 2*p + 35. Let v(s) = s**3 + 4*s**2 - 4*s + 9. Let q be v(i). Let r(m) = 3 - 2 - 4 + m**2 + 1 - 5*m. Give r(q).
-6
Suppose -5*x + 25 = 5*r, -4*x + x + 9 = -3*r. Suppose x*g - 24 = 12. Let p(o) = -5*o**2 + 3*o**3 + g + 2*o - 4*o**3 - 4 + 6*o. What is p(-6)?
-7
Let b(u) = -16*u + 7. Let k(d) = -13*d + 4. Let l(m) = -4*b(m) + 5*k(m). Determine l(-12).
4
Let z(s) = -20*s**2 - 6*s - 7. Let d(p) = -4*p**2 - p - 2. Let h(n) = 3*d(n) - z(n). Let t be -2 - (0 + -2 - -1). Calculate h(t).
6
Let p(w) be the first derivative of -2*w**3/3 - 5*w**2 + 6*w - 701. Determine p(-5).
6
Let s(u) be the second derivative of u**4/12 - 7*u**3/3 + 23*u**2/2 - 59*u. Let c be s(11). Let q(r) = r**3 + 10*r**2 - 1. Determine q(c).
-1
Let q(u) = 37*u - 10. Let w(l) = -12*l + 3. Let r(g) = -2*q(g) - 7*w(g). Let c = 5361 - 5362. Give r(c).
-11
Let r(x) = 9*x**3 + 2*x**2 + 2*x - 3. Let j be 6/(-16) + (-1950)/1200 + -1 + 4. What is r(j)?
10
Let h be (-14)/(-35) - (-27)/(-5). Let a(r) be the third derivative of r**5/60 + r**4/4 - r**3/3 + 1197*r**2. Calculate a(h).
-7
Let m = -840 - -851. Let k(d) = -m*d - 3*d + 33 - d + 12*d + 2*d. Give k(10).
23
Let j be (-1)/((3/6)/((-86)/(-4))). Let m = -38 - j. Suppose m*p - 7 = -22. Let q(y) = -y - 3. What is q(p)?
0
Let l(h) = h**3 + 8*h**2 + 7*h - 8. Let q = -37 - -8. Let x = q - -23. What is l(x)?
22
Suppose -59*h = -92*h + 132. Let n(j) be the first derivative of 2*j + 1/4*j**h + j**2 + 29 + 4/3*j**3. Determine n(-3).
5
Let r be (-3)/(((-9)/(-2))/(-9)). Suppose -r*p - 24 = 12. Let h(z) be the third derivative of z**6/120 + 7*z**5/60 + z**4/4 - z**3/6 - z**2. Calculate h(p).
-1
Let q = 526 - 522. Suppose 2*t = -0*j - 2*j + 2, -q*j = t + 11. Let p(h) be the second derivative of h**5/20 - h**4/2 + 4*h**3/3 - 2*h**2 - h. Determine p(t).
11
Let r(y) = 30*y + 68. Let l(z) = -53*z - 135. Let p(j) = 4*l(j) + 7*r(j). Give p(-27).
-10
Let n(m) = -m**2 - 7*m + 11. Suppose -7*u = -3*u + 32. Let w be n(u). Let t(j) = j**2 + 14 - 11 + w*j - 11*j. Determine t(6).
-9
Let v be (-137 - -150) + 27/3*-1. Let g(k) = 10 - 3*k + k**2 - k - 3*k. Calculate g(v).
-2
Let k(z) = -37*z**2 - z + 36*z**2 - z + 7. Suppose -10*j - 3 = -9*j, -4*q - 32 = 4*j. Give k(q).
-8
Let c be -1*((-29)/5 - (-3)/(-15)). Suppose -41*i + c = -42*i. Let y(x) = x - 5. Give y(i).
-11
Let z be -2 + -1 - (-14 + 6). Suppose 3 = -2*r + z*n, -2*n + 0*n + 21 = -3*r. Let x be (3/r)/((-2)/(-30)). Let q(s) = s + 10. Calculate q(x).
5
Suppose 49*r + 57 = 68*r. Let n(w) = -1. Let t(k) = -k**3 + 3*k**2 - 6*k + 7. Let j(b) = 3*n(b) - t(b). Let q be j(r). Let s(h) = h**2 - 9*h + 1. What is s(q)?
-7
Let k(q) = -7*q**2 + 1 + 8*q**2 - 10*q**3 - 5*q**3 - q. Let n = -72 + 75. Suppose -2*o + d = -1 + n, 4*d - 15 = o. What is k(o)?
-14
Let f(s) = 4*s - 6. Let i = -4253 - -4251. Calculate f(i).
-14
Let p(f) = 2*f**2 + 9*f + 1. Let j(r) be the second derivative of r**4/12 + 4*r**3/3 + 9*r**2/2 - 16*r - 6. Let n be j(-5). What is p(n)?
19
Let z(g) be the first derivative of g**4/4 - g**3/3 - 2*g**2 + 3*g - 475. Calculate z(2).
-1
Let l(z) be the second derivative of z**5/20 + z**4/2 + z**3 + 3*z**2/2 + z. Let a be 5/(-2) - (12 + 588/(-56)). What is l(a)?
11
Let p(o) = o**3 + 16*o**2 + 13*o - 23. Let y = -145 + 130. Let m be p(y). Let b(c) = -c**2 + 8*c - 12. Determine b(m).
-5
Let p(w) = 8*w + 4565 + 4660 - 9342. Determine p(14).
-5
Let w(u) = -6*u - 121. Let a = -763 + 744. Determine w(a).
-7
Let j(m) be the third derivative of -m**4/12 - 2*m**3 - 190*m**2. Suppose d = -3 - 6. Determine j(d).
6
Let o(d) be the third derivative of d**7/2520 + d**6/180 + 16*d**4/3 + 209*d**2. Let b(u) be the second derivative of o(u). What is b(-3)?
-3
Let c(j) = -3*j**3 - 2*j**2 - j + 1. Suppose 6*y + 14 = -y. Let q be -2 + 290/25 - y/5. Suppose 0*a + 4*a + u + 12 = 0, 3*a + u + q = 0. Calculate c(a).
19
Let o(j) = -j**2 - 51*j + 59. Let u be o(-52). Let z(f) be the first derivative of -f**4/4 + 2*f**3 + 9*f**2/2 - 16*f - 1. What is z(u)?
-2
Let k(l) be the second derivative of l**5/20 - 7*l**4/12 + 2*l**3/3 - 7*l**2/2 - l - 48. Determine k(7).
21
Let d(n) = -n**3 + 4*n**2 + 5*n + 3. Let u be 3/(-9)*(-9 - 93). Suppose -u*z + 43*z = 45. What is d(z)?
3
Let i(p) = -p**3 + 11*p**2 + 12*p + 4. Suppose 5*t - 4*a - 102 = 0, 2*t + 0*t + 3*a - 27 = 0. Let d be (-1 + 2)/((-33)/t + 2). Let q be 20*9/d*4/10. Give i(q).
4
Let m(v) = v**2 - 6*v + 4. Suppose 0 = 4*u - 25 - 3. Let l be 6 + 9/(-2) - u/(-2). Suppose 4*j - 10 - 2 = -2*s, -6 = j + l*s. Give m(j).
-4
Let p be (4 - 3)*(-2 - -7). Let h(x) = 4*x**3 + 13*x**2 - 18*x - 9. Let t be h(5). Let v(z) = 6*z**2 + 0*z**3 + t*z - z**3 - 732*z + 4. What is v(p)?
-1
Let a(d) = -d**2 - 3*d + 5. Let q = -486 + 473. Suppose -11 = -z - p, -3*z = -8*p + 3*p - 17. Let y = z + q. Calculate a(y).
1
Let o be 62/(-16) + 18*(-17)/2448. Let d(m) = m**3 + 2*m**2 - 6*m + 6. Calculate d(o).
-2
Let i(k) = -8*k + 146. Let h be i(18). Let a(z) = 2*z + 80*z**2 - 20 - 12*z - 81*z**h + 21*z. Calculate a(8).
4
Let o(r) = -4*r**3 - 4*r**2 + 5*r + 5. Suppose -x - 2*z = 0, -5*x - 49*z + 45*z - 6 = 0. Determine o(x).
11
Suppose 12*u - 49*u - 120*u = -471. Let s(g) = 3*g**3 - 11*g**2 + 9*g - 6. Calculate s(u).
3
Let y(s) be the first derivative of -s**5/120 + s**4/6 + 5*s**3/3 + s**2 - 49. Let w(r) be the third derivative of y(r). Determine w(8).
-4
Suppose -9*h = 12 + 69. Let y = -83 + 112. Let s(x) = -6*x - 6*x + y*x - 10*x + x**2 - 12. Determine s(h).
6
Let k(v) be the third derivative of v**4/12 + 3*v**3/2 - 10*v**2. Suppose 2*t - 4*y + 0 - 16 = 0, -12 = -2*t + 2*y. Suppose -t*b - 18 = -b. Give k(b).
-3
Let o(i) = -2*i + 1. Let j be 18/(-4)*(4 - 66/9). Let g be 4 + (3 - j/3). Calculate o(g).
-3
Let g(f) = 4*f + 31. Suppose -5*w - d - 30 = 0, 3*d - 16 = 2*w + 13. Determine g(w).
3
Let u(y) = 2*y + 14. Let c(n) = 2*n**3 - 10*n**2 + 8*n - 3. Suppose -24*w + 33*w = 18. Let t be c(w). Determine u(t).
-8
Let x(p) = -p**3 + 6*p**2 - 4*p + 1. Let j = -13 - -19. Let f(u) = -u**2 + 5*u + 8. Let z be f(j). Suppose 4*d - y - 32 = -10, -z*d - 5*y = 0. Calculate x(d).
6
Let p(j) = -12396 + 24824 - 7*j - 12419. What is p(4)?
-19
Let d(l) = 5*l - 7. Let b(z) be the first derivative of z**4/4 - 7*z**3 - 23*z**2 + 31*z - 28. Let v be b(23). Let n = -25 + v. What is d(n)?
23
Suppose 3*o = -m - 67, -o - 23 - 2 = m. Let j = 15 + o. Let a(p) = -2*p - 18. Let b(s) = -s - 10. Let z(v) = 3*a(v) - 5*b(v). Determine z(j).
2
Suppose 0 = -y - 4*y + 10. Let l(r) = y*r - 9 -